{"id":1679,"date":"2022-05-31T13:41:57","date_gmt":"2022-05-31T11:41:57","guid":{"rendered":"http:\/\/badmintonandalucia.es\/badmintonsinbarreras\/?page_id=1679"},"modified":"2022-06-01T09:35:28","modified_gmt":"2022-06-01T07:35:28","slug":"pftval-cristo-roto","status":"publish","type":"page","link":"https:\/\/badmintonandalucia.es\/badmintonsinbarreras\/pftval-cristo-roto\/","title":{"rendered":"PFTVAL Cristo Roto"},"content":{"rendered":"<div class=\"wp-block-image\">\n<figure class=\"aligncenter size-full is-resized\"><img loading=\"lazy\" src=\"http:\/\/badmintonandalucia.es\/badmintonsinbarreras\/wp-content\/uploads\/2019\/06\/obras-cristianas-gibraleon.png\" alt=\"\" class=\"wp-image-1560\" width=\"386\" height=\"213\"\/><\/figure><\/div>\n\n\n<p>Desde\nel Centro de Dia Ocupacional y PFTVAL Cristo Roto, agradecemos la puesta en\nmarcha de este tipo de proyecto, ya que beneficia en gran medida a nuestros\nalumnos\/as y usuarios\/as, no solo en a nivel f\u00edsico o deportivo, sino tambi\u00e9n,\ny no menos importante, en el social, ya que ellos cuando hablan de su actividad\nde b\u00e1dminton destacan la relaciones sociales con otros centros y entre ellos\nmismos, aunque ahora m\u00e1s controlado y restringido por las circunstancias de la\npandemia, pero que esperamos se pueda normalizar lo antes posible. Todos\/as\ndisfrutan de estas actividades y est\u00e1n deseando que llegue el d\u00eda que ir al\npabell\u00f3n, se r\u00eden, hacen deporte, y disfrutan de una convivencia sana.<\/p>\n\n\n\n<p>La\nUnidad de Estancia Diurna Ocupacional &#8220;Cristo Roto&#8221; ofrece un\nservicio de actividades para la capacitaci\u00f3n laboral, autonom\u00eda personal, e\ninclusi\u00f3n social, destinado a j\u00f3venes mayores de edad que presenten diversidad\nfuncional.&nbsp;<\/p>\n\n\n\n<p>El\nCentro Docente Concertado de Educaci\u00f3n Especial &#8211; PFTVAL (programa de formaci\u00f3n\npara la transici\u00f3n a la vida adulta y laboral) &#8220;Cristo Roto&#8221; trabaja\ncon alumnos con necesidades de apoyo educativo con edades comprendidas entre 16\ny 20 a\u00f1os, donde se trabajan tres \u00e1reas fundamentales: Autonom\u00eda en la vida\ndiaria, Inclusi\u00f3n social y comunitaria, y Habilidades y destrezas laborales.<\/p>\n","protected":false},"excerpt":{"rendered":"<p>Desde el Centro de Dia Ocupacional y PFTVAL Cristo Roto, agradecemos la puesta en marcha de este tipo de proyecto, ya que beneficia en gran medida a nuestros alumnos\/as y &#8230;<\/p>\n","protected":false},"author":1,"featured_media":0,"parent":0,"menu_order":0,"comment_status":"closed","ping_status":"closed","template":"","meta":[],"_links":{"self":[{"href":"https:\/\/badmintonandalucia.es\/badmintonsinbarreras\/wp-json\/wp\/v2\/pages\/1679"}],"collection":[{"href":"https:\/\/badmintonandalucia.es\/badmintonsinbarreras\/wp-json\/wp\/v2\/pages"}],"about":[{"href":"https:\/\/badmintonandalucia.es\/badmintonsinbarreras\/wp-json\/wp\/v2\/types\/page"}],"author":[{"embeddable":true,"href":"https:\/\/badmintonandalucia.es\/badmintonsinbarreras\/wp-json\/wp\/v2\/users\/1"}],"replies":[{"embeddable":true,"href":"https:\/\/badmintonandalucia.es\/badmintonsinbarreras\/wp-json\/wp\/v2\/comments?post=1679"}],"version-history":[{"count":2,"href":"https:\/\/badmintonandalucia.es\/badmintonsinbarreras\/wp-json\/wp\/v2\/pages\/1679\/revisions"}],"predecessor-version":[{"id":1707,"href":"https:\/\/badmintonandalucia.es\/badmintonsinbarreras\/wp-json\/wp\/v2\/pages\/1679\/revisions\/1707"}],"wp:attachment":[{"href":"https:\/\/badmintonandalucia.es\/badmintonsinbarreras\/wp-json\/wp\/v2\/media?parent=1679"}],"curies":[{"name":"wp","href":"https:\/\/api.w.org\/{rel}","templated":true}]}}