{"id":1677,"date":"2022-05-31T13:41:14","date_gmt":"2022-05-31T11:41:14","guid":{"rendered":"http:\/\/badmintonandalucia.es\/badmintonsinbarreras\/?page_id=1677"},"modified":"2022-06-01T09:29:41","modified_gmt":"2022-06-01T07:29:41","slug":"avadi","status":"publish","type":"page","link":"https:\/\/badmintonandalucia.es\/badmintonsinbarreras\/avadi\/","title":{"rendered":"AVADI"},"content":{"rendered":"<div class=\"wp-block-image\">\n<figure class=\"aligncenter size-full is-resized\"><img loading=\"lazy\" src=\"http:\/\/badmintonandalucia.es\/badmintonsinbarreras\/wp-content\/uploads\/2022\/05\/Logo-Avadi.jpg\" alt=\"\" class=\"wp-image-1690\" width=\"483\" height=\"162\" srcset=\"https:\/\/badmintonandalucia.es\/badmintonsinbarreras\/wp-content\/uploads\/2022\/05\/Logo-Avadi.jpg 370w, https:\/\/badmintonandalucia.es\/badmintonsinbarreras\/wp-content\/uploads\/2022\/05\/Logo-Avadi-300x101.jpg 300w\" sizes=\"(max-width: 483px) 100vw, 483px\" \/><\/figure><\/div>\n\n\n<p>AVADI (Asociaci\u00f3n Vida Adulta de personas con discapacidad intelectual y s\u00edndrome Down) somos una asociaci\u00f3n que naci\u00f3 en el a\u00f1o 2012 por iniciativa de un grupo de padres y madres con hijos e hijas con discapacidad intelectual mayores de 16 a\u00f1os con el fin de apostar por un futuro digno y en igualdad de condiciones que el resto de la sociedad. Entre los fines y objetivos de nuestra Entidad se encuentra: fomentar la autonom\u00eda e independencia del colectivo, as\u00ed como promover su inclusi\u00f3n social y laboral. Para ello desarrollamos una serie de talleres dirigidos a ese gran fin, como son:<\/p>\n\n\n\n<ul><li>El\n<strong>P<\/strong><strong>rograma de formaci\u00f3n e inserci\u00f3n socio-laboral para el\nempleo<\/strong> consiste en un dise\u00f1o de pr\u00e1cticas\nreales en Instituciones y Empresas guiadas por un\/a preparador\/a laboral que\nrealizar\u00e1 las funciones de tutor\/a de intermediaci\u00f3n laboral durante el tiempo\nde adaptaci\u00f3n en el entorno real.<\/li><li>El\n<strong>servicio de Ocio<\/strong> organiza\nactividades culturales, recreativas, talleres, salidas al medio ambiente y de\ncar\u00e1cter deportivo con una duraci\u00f3n de 4 horas semanales (normalmente en\nel&nbsp; fin de semana). <\/li><li>El <strong>Programa\nde Atenci\u00f3n a Familias<\/strong> y de la gesti\u00f3n y Administraci\u00f3n de la Entidad.<\/li><\/ul>\n\n\n\n<p>La\nFederaci\u00f3n nos aporta un lugar en el que poder desempe\u00f1ar un deporte el cual no\ntenemos opci\u00f3n de practicar en otra zona de la ciudad de Huelva.<\/p>\n\n\n\n<p>El\n\u201cB\u00e1dminton Sin Barreras\u201d nos aporta una oportunidad en la que desarrollar de\nforma grupal un deporte de competici\u00f3n adaptado sin que exista frustraci\u00f3n y\ndesmotivaci\u00f3n durante su realizaci\u00f3n.<\/p>\n\n\n\n<p>Los\nbeneficios que se obtienen tienen que ver con el desarrollo motor, as\u00ed como el\nfomento de reflejos, control de movimientos y capacidades de reacci\u00f3n,\nbeneficios para la salud en cuanto a la actividad f\u00edsica, capacidad de\nsuperaci\u00f3n, cohesi\u00f3n grupal, interacci\u00f3n con otros jugadores y diversi\u00f3n.<\/p>\n","protected":false},"excerpt":{"rendered":"<p>AVADI (Asociaci\u00f3n Vida Adulta de personas con discapacidad intelectual y s\u00edndrome Down) somos una asociaci\u00f3n que naci\u00f3 en el a\u00f1o 2012 por iniciativa de un grupo de padres y madres &#8230;<\/p>\n","protected":false},"author":1,"featured_media":0,"parent":0,"menu_order":0,"comment_status":"closed","ping_status":"closed","template":"","meta":[],"_links":{"self":[{"href":"https:\/\/badmintonandalucia.es\/badmintonsinbarreras\/wp-json\/wp\/v2\/pages\/1677"}],"collection":[{"href":"https:\/\/badmintonandalucia.es\/badmintonsinbarreras\/wp-json\/wp\/v2\/pages"}],"about":[{"href":"https:\/\/badmintonandalucia.es\/badmintonsinbarreras\/wp-json\/wp\/v2\/types\/page"}],"author":[{"embeddable":true,"href":"https:\/\/badmintonandalucia.es\/badmintonsinbarreras\/wp-json\/wp\/v2\/users\/1"}],"replies":[{"embeddable":true,"href":"https:\/\/badmintonandalucia.es\/badmintonsinbarreras\/wp-json\/wp\/v2\/comments?post=1677"}],"version-history":[{"count":2,"href":"https:\/\/badmintonandalucia.es\/badmintonsinbarreras\/wp-json\/wp\/v2\/pages\/1677\/revisions"}],"predecessor-version":[{"id":1705,"href":"https:\/\/badmintonandalucia.es\/badmintonsinbarreras\/wp-json\/wp\/v2\/pages\/1677\/revisions\/1705"}],"wp:attachment":[{"href":"https:\/\/badmintonandalucia.es\/badmintonsinbarreras\/wp-json\/wp\/v2\/media?parent=1677"}],"curies":[{"name":"wp","href":"https:\/\/api.w.org\/{rel}","templated":true}]}}